value of (0 - -3) + -10 - (-7 + 10 + -4)?
-6
5 - ((8 - 5) + 25 - 10)
-13
What is the value of (12 - 27 - (-26 + 13)) + 15 + -1?
12
(14 - 1) + (1 - 16)
-2
What is the value of 3 - (-1 + (1 + 3 - 8))?
8
What is the value of -6 - (-9 + -1 + 4) - -7 - 18?
-11
What is the value of -80 + (57 - 33) + 32?
-24
Calculate (-2 - 0) + -7 + (-20 - -13) + 39.
23
Evaluate (13 - -6 - (-37 - -52)) + (7 - 1).
10
Calculate 2 - (-4 - (12 + -17)) - 5.
-4
12 - (48 + 1 + (10 - 15) + 4)
-36
Evaluate -20 + (0 + 7 - (-1 - (2 + -3))).
-13
Calculate 1 + -13 + -7 - ((2 - 1) + 7).
-27
2 - -3 - (-2 - 3 - -10 - -3)
-3
25 + 17 + -21 - 40
-19
Calculate -621 + 558 - (0 - 38).
-25
Calculate 28 + 23 + -43 + 21.
29
What is the value of 10 - (14 + 3 + -16) - 47?
-38
Calculate -6 + 44 + -44 + -15.
-21
Calculate (15 - (-6 + 0)) + -6.
15
Calculate -30 - ((0 - (13 - 9 - 4)) + -5).
-25
Calculate (-3 - -7) + (0 - (25 + -2)).
-19
What is the value of -12 + (9 - 9) + 13 + 3 + 31?
35
-2 + -7 + (5 - 5) + 11
2
Calculate -5 - ((-6 - (12 + -5)) + 0 - -6).
2
21 + (13 - (-1 + 30))
5
What is the value of 13 + (-10 + 0 - 0)?
3
Evaluate -34 + -4 + (-22 - -59).
-1
What is the value of 1 - (-7 - -3) - (-12 + -15 + 10)?
22
9 + -10 - -9 - 27
-19
What is (21 - 2) + -4 - (-333 + 329)?
19
What is the value of 7 - (8 - (1 - (-8 - -1)) - -6)?
1
What is -12 + 6 + 24 + -8?
10
What is 6 + 0 - -3 - (9 + 16)?
-16
Calculate 9 + 7 + -15 - 5.
-4
Calculate -4 - -4 - (6 + -7).
1
Calculate -334 + 295 + 66 + 2.
29
Calculate -14 + 0 - (118 + -127) - (6 + -21).
10
Calculate -1 - 4 - (19 + 9 - 21).
-12
Evaluate -6 + -13 + (7 - 3).
-15
-13 - (0 + -8) - -12
7
-2 + -7 + 6 - -13 - -3
13
Evaluate 11 - (-444 + 485 - (11 - 0)).
-19
Calculate 13 + (-2 + 10 - 13) + 9 + 0.
17
What is (17 - (-2 - -17)) + -3?
-1
Calculate 0 + (-5 - -15) + -11 + (-14 - -29).
14
-3 + (1 - -11) + -26
-17
Calculate 2 - ((0 - -1) + (86 - 86)).
1
What is 2 - (24 - (6 - 6) - 5) - -4?
-13
What is (-2 + 18 - (10 - (10 - 10))) + 9?
15
Calculate -6 + 19 + -9 + (1 - -7).
12
What is the value of 1 + -2 + 2 + -5 + 11 + -6?
1
Evaluate -625 + 617 + -1 + (0 - 1).
-10
What is 0 + (2 - 1 - 1) + 2 - 2?
0
What is the value of 10 - (7 - (16 + -7 + -9))?
3
Calculate -29 - (2 + 4 - 25).
-10
What is 20 + 1 + (-39 - -26)?
8
Evaluate 33 + (-15 - -5 - 6).
17
What is the value of 17 - 14 - (1 + -4) - (-5 + 24)?
-13
What is the value of 3 + 5 - (2 + 2 + -2 + 1)?
5
What is -7 + 10 - 7 - ((-2 - 2) + 4)?
-4
What is the value of -1 - -1 - (-7 + 21 + -10)?
-4
What is -1 + -14 + (12 - (20 + -17))?
-6
What is the value of -43 + 33 + 4 + 0 + (4 - 5)?
-7
What is -35 + 18 + (-8 - -11)?
-14
What is the value of 4 - (0 - 0) - (61 + 42 + -108)?
9
What is the value of (-20 - -26) + 0 + 4 + 0?
10
Evaluate -40 - (-25 - (29 + -21)).
-7
Calculate (-4 - -7) + (-35 - (2 + (-16 - -3))).
-21
Evaluate (-24 - 17) + 17 - 6.
-30
What is the value of 17 + (3 - 7) + 0 - (73 - 66)?
6
Calculate -4 + 8 - (1 + 2).
1
Evaluate -2 + 1 + -4 + -17 + 18 + 14.
10
-7 + 9 + (-7 + 5 - 4)
-4
0 + (-10 - 1) + -43 + 55
1
What is the value of (4 - 2 - -10) + -356 + 365?
21
Calculate 7 - (5 + (9 + -17 - 4) - -29).
-15
What is the value of (-3 - (24 + -14)) + 4?
-9
Calculate -1 - (10 + (-9 - 10)).
8
12 - 21 - (-21 - (-5 + (0 - -5)))
12
What is 0 - -3 - -13 - (59 + -49)?
6
What is the value of 52 + -31 - 9 - (-1 + 35)?
-22
Calculate -11 + 18 - (-5 - -9).
3
What is 28 - (1 + (1 - -1 - (26 + -15)))?
36
Calculate 2 + 18 + 25 + -63.
-18
What is -155 + 165 + 0 + -22?
-12
Calculate 0 + 26 - (41 - 32) - 8 - -17.
26
4 + -20 + (11 + -1 - 0)
-6
(18 - 31) + -15 + 3
-25
What is -80 + 67 - (7 - 29)?
9
Calculate (-33 - -58 - 15) + -21.
-11
What is the value of 7 - (-25 - 6 - -17 - (0 - 3))?
18
What is the value of (23 - -1) + (25 - -9) + -40?
18
What is the value of 16 + 4 + -13 + -4 + 11 + -3?
11
-2 + -2 + (-11 - -24 - (6 - 31))
34
What is the value of -5 + 7 + 1 + (-6 - -7) - -13?
17
Evaluate -37 + 24 - -26 - (3 - -6).
4
Evaluate -1 + 3 + -4 + 8 + -3 + -5.
-2
Calculate (2 - -1 - -2) + (79 - 142 - -89).
31
Evaluate 18 - (-8 + (7 - -26)).
-7
Calculate -20 - (14 - 37 - -3).
0
Calculate 42 - 53 - (-1 + (1 - 7)).
-4
Evaluate -1 + -6 - (12 - (-6 - -18 - 6)).
-13
Calculate -3 - (18 - (-6 - -21)).
-6
What is the value of (-20 + 10 - -11) + 7?
8
Evaluate -532 - -529 - (2 + 3 + 25 + -2).
-31
What is -8 + (-9 + (6 - -5) + -5 - -7)?
-4
What is 2 - -7 - (-20 + (28 - (4 - 11)))?
-6
-8 + 7 + -26 + 7 + 7 + -5
-18
7 + ((16 - 5) + -15 - -4)
7
Calculate ((-3 - -2) + -2 - -3) + 6.
6
What is the value of (-6 - (1 - 6)) + -2 + 2?
-1
Calculate 0 - ((8 - 13) + -1 + 1).
5
What is 8 + (0 - 1 - (-125 - -132)) + 27?
27
What is the value of 3 + 22 + -35 + 27?
17
What is (27 - (-27 + 82)) + 17?
-11
Calculate 33 + -27 + 31 - 27.
10
What is (1 - 6) + 7 + 14 - 2 - 6?
8
What is (-15 - -18 - 19) + -2 + -11?
-29
Evaluate -1 + (-7 - 15 - -25).
2
Calculate -1 - (0 + (0 - -7)) - -3.
-5
Calculate -6 + (234 - 235 - (-2 - (-7 - -2))).
-10
Calculate 34 + -36 + (-11 - -20).
7
-5 + -4 + 12 + -11 - -8
0
What is the value of -8 + (11 - 11) + (0 - (6 - -6))?
-20
What is the value of (-24 - (1 - 21) - (-12 + 1)) + -5?
2
What is -6 - (0 + (-11 - 4))?
9
Evaluate -63 + 55 - (1 - (-9 + -2 + 2)).
-18
What is the value of 3 + (1 + 1 - (29 - 22)) + -6?
-8
6 + 12 + 6 + -15
9
What is the value of (24 - 11 - 17) + -4 + (1 - 6)?
-13
Calculate -5 - (5 - (2 - 1 - (-35 - -22))).
4
Calculate (9 - 0) + (-102 - (-6 - 65)).
-22
What is the value of (-10 - (0 + (-17 - 4))) + -9?
2
Calculate (8 - (-14 - -20)) + -4.
-2
19 - (9 + 1) - -1
10
What is the value of (28 - 24) + (-3 - 6 - -1)?
-4
4 + 12 + -5 - 3 - -5
13
5 - (-11 - -4 - -15)
-3
3 - (3 - -23 - (12 + -3))
-14
What is the value of -8 + (11 - 2) + 4 - -13?
18
What is 2 - -15 - (-126 - -134)?
9
Calculate (-23 + 17 + 12 - (-3 + 2)) + -15.
-8
Calculate 0 - (-5 - (19 - 21)).
3
What is the value of 0 + -7 - ((-15 - -17) + -2)?
-7
What is the value of ((10 - 4) + -4 - 4) + (9 - 7)?
0
13 + -13 + 0 - (-4 + 5 + 15)
-16
What is (2 - -7 - -1) + (-91 - (-77 + 26))?
-30
Evaluate -4 + (-14 + 6 - -32).
20
(23 - (-15 - -26)) + -19
-7
Evaluate -134 + 160 - (13 - -1).
12
Calculate -21 + (15 - (-7 + 14 + -1)).
-12
Calculate (1 - -4) + -13 + -8.
-16
Evaluate 7 + (5 + -5 + -15 - -10).
2
7 - (14 + -12) - (1 + 3 + -1)
2
What is 0 - (4 + 0 - (-46 + 44)) - -1?
-5
What is (4 - 3 - (0 + 0)) + (81 - 94)?
-12
What is -5 + (6 + 2 - (7 + (20 - 7)))?
-17
6 - -1 - 8 - -10 - 11
-2
Evaluate -25 + -30 + 52 - 18.
-21
Evaluate -13 + 1 - (20 + (-16 - 15)).
-1
Calculate -2 + 4 - -3 - (6 - (0 - -2)).
1
What is the value of -8 + 3 - ((-6 - -1) + -14)?
14
What is the value of -12 + 16 + 0 + (26 - 25)?
5
What is (24 - (-11 + 31)) + -12?
-8
Calculate 7 - (3 - -16 - 13).
1
What is the value of 10 - ((18 - 17) + 21 - 4)?
-8
Evaluate 3 + -2 + 3 + (1 + 2 - 11).
-4
What is 17 + -21 - (6 - (-3 - -22))?
9
(694 - 695) + 2 + -18
-17
Calculate -11 + (-28 - (-9 - (15 + -11))).
-26
What is the value of (-13 - -4 - -11) + (4 - 9 - -10)?
7
What is the value of -6 + (-26 - -29) + -21?
-24
Evaluate (1 - 17) + (17 + 4 - 20).
-15
Calculate 24 + -107 + 43 - (-9 + 0).
-31
What is -2 - 3 - (-291 + 288)?
-2
What is the value of -9 + (-4 - ((-3 - -3) + -18))?
5
Evaluate (0 - -1) + 2 + (-4 - (12 + -17)).
4
1 - -2 - -4 - -4
11
(2 - -5 - (136 - 155)) + -20
6
What is -6 - (-2 - -3) - -10?
3
(-4 - (-15 - (0 - 7))) + -8
-4
(19 + (13 - 24) - 2) + 8
14
What is the value of -19 + (15 - (-2 + 1))?
-3
What is 4 + (6 + (8 - 17) - (0 + 2))?
-1
What is -2 - (-19 - -15 - (-37 - (-6 - -3)))?
-32
What is 42 + -28 - (1 + -2) - 0?
15
Evaluate 2 + -10 + 2 + -15 + 16.
-5
Calculate 15 + -33 + 10 - -12.
4
Calculate -16 - (-2 + 13 + -15) - -5.
-7
Evaluate -9 + (6 + -6 - -10) + -6 + -6.
-11
What is (21 - 16) + -18 - 0?
-13
What is 21 + -18 - (2 + -5 + -19)?
25
What is 3 + 0 + 1 + (182 - 186)?
0
What is the value of (-1 - 4) + 202 + -198?
-1
What is 7 + 1 - (-1 - (4 - -1))?
14
Calculate 4 + 0 + (-4 - -8) + 2.
10
What is the value of -2 + 29 - (311 + -268)?
-16
Calculate -2 + (-5 - (-1 + -16 + (-6 - -6))).
10
What is -5 - (-21 + 17 - (-3 - -4) - -6)?
-6
Calculate 12 + (-5 - 4) + 2.
5
What is the value of -47 + 112 + -35 + 0?
30
What is the value of 8 + (-8 - -9) + -7 + 15 + -10?
7
Calculate -5 + (-6 - (-4 + 2) - 1).
-10
Evaluate 4 + -12 + (2 + 